he remainder when 12 is divided by a?
2
Suppose -3*i - 2*i + 235 = 0. Let b = i + -34. What is the remainder when 62 is divided by b?
10
Suppose 2*g + 2 = 0, 4*h - 355 - 18 = -3*g. What is the remainder when h is divided by 49?
45
Let h(u) = u**2 - 21*u - 86. What is the remainder when 218 is divided by h(26)?
42
Let i(q) = -q**2 + 14*q - 12. What is the remainder when i(9) is divided by 12?
9
Suppose 3*o + 100 - 277 = 0. What is the remainder when o is divided by (-8)/(13/((-520)/16))?
19
Let z(g) = -g**3 - 2*g**2 - g - 2. Let f(c) = -13*c**2 - 3. Let j be f(2). What is the remainder when z(-4) is divided by j/(-3) + 12/(-36)?
16
Suppose -2*i + 6*i = 188. Calculate the remainder when 138 is divided by i.
44
Suppose -53 = -3*p - 2*q - 3*q, 3*q = 3. Calculate the remainder when 111 is divided by p.
15
Let w(d) = -d**2 - 3*d + 4. Let j be w(-4). What is the remainder when (22 - (j - 1)) + 1 is divided by 13?
11
Suppose 3*r + 2*s - 23 = -2*s, 0 = -4*r + 4*s + 12. Suppose t = -r + 16. What is the remainder when 52 is divided by t?
8
Let i(o) = -o**2 + 14*o + 14. What is the remainder when 23 is divided by i(14)?
9
Let u = 35 - -24. Calculate the remainder when u is divided by 15.
14
Let o = 82 + -81. Suppose 5*b + 1 = 6. What is the remainder when o is divided by b?
0
Calculate the remainder when (1/(-2) + 1)*126 is divided by 16.
15
Suppose -x + 1 + 2 = 0. Suppose 5*n = 15, 5*n - 12 = -x*y + 27. Suppose 2*k - 12 = 34. What is the remainder when k is divided by y?
7
Suppose 10*s - 7*s - 72 = 0. Let f = 2 + s. What is the remainder when f is divided by 7?
5
Let w be -8 - -2 - 1/(-1). Let j = w - -13. Calculate the remainder when 22 is divided by j.
6
Let w(f) = -2*f - 2. Let a(t) = -6*t - 5. Let i(u) = 4*a(u) - 11*w(u). What is the remainder when i(-6) is divided by 5?
4
Suppose 5*k - 3*w + 0*w = 107, k - 5*w - 39 = 0. Calculate the remainder when 54 is divided by k.
16
Let r(s) = -4*s - 13. Calculate the remainder when r(-17) is divided by 14.
13
Suppose -53 = -2*w + 9. Calculate the remainder when w is divided by 4.
3
Let j(y) = -y**3 - 7*y**2 - 5*y - 3. What is the remainder when j(-7) is divided by 17?
15
Let a(f) = f + 13. Suppose 4*b + 17 + 27 = 0. Let o be a(b). Suppose o*j - 11 = j. What is the remainder when 32 is divided by j?
10
Suppose 4*s + 3*a + 27 = 8, 0 = -3*a - 15. Let o = 2 - 1. Calculate the remainder when 8 is divided by o/((3/(-15))/s).
3
Let m(a) = 2*a**2 - 11*a - 16. What is the remainder when 34 is divided by m(7)?
4
Suppose -5 - 7 = -4*s. Calculate the remainder when s is divided by (-8)/(-20) - 26/(-10).
0
Let j = -52 + 27. Let n be (-30)/j*(-10)/4. What is the remainder when 41 is divided by 240/18 - 2/n?
13
Let v(n) = -n**2 + 5*n - 4. Suppose s + 2*s = 2*d - 1, 0 = -2*s - 4*d + 26. Calculate the remainder when v(s) is divided by 2.
0
Let b be (8/6)/((-3)/9). Let r be (-6)/(-8) - 1/b. What is the remainder when 4 is divided by ((-2 + r)*-2)/1?
0
Let l(i) = 4*i + 4*i**2 + 6 - 2*i**2 + 4*i - 3*i**2. What is the remainder when 22 is divided by l(8)?
4
Calculate the remainder when 5 is divided by (70/21)/(6/9).
0
Let q be (2 + -5 - 2)/(-1). Let f = -1 + q. Suppose -3 = -d + 7. Calculate the remainder when d is divided by f.
2
Let z = -102 + 115. What is the remainder when z is divided by 4?
1
Let z(v) = -4 + v**2 + 4 + 1 - 5 - 10*v. Suppose 2*r - 3*r = -12. Calculate the remainder when z(r) is divided by 11.
9
What is the remainder when 73 is divided by 18/24*(-40)/(-2)?
13
Let n(o) = o**3 + 8*o**2 - 4*o + 12. What is the remainder when n(-8) is divided by 12?
8
Let r(z) = 2*z - 1. Let g(d) = -d**2 - 4*d + 2. Let m(h) = -4*g(h) - 9*r(h). Calculate the remainder when m(-3) is divided by 15.
13
Suppose -3*m + 5*p - 75 = -5*m, 3*m - p - 87 = 0. Calculate the remainder when m is divided by 18.
12
Suppose 9*d = 3*d + 282. What is the remainder when d is divided by 12?
11
Suppose -3*b + 3*k = -6*b + 435, -5*b + 4*k = -698. Calculate the remainder when b is divided by 24.
22
Let h be 1 + (-2)/(-1) + -2. Let j = 3 + h. Calculate the remainder when j is divided by (-1 + 2)/1*3.
1
Let k(y) = 25*y**3 - 3*y**2 - y + 2. Calculate the remainder when 67 is divided by k(1).
21
Let r(o) = o**2 - 3*o - 1. Let l be ((-8)/10)/((-1)/5). Calculate the remainder when 8 is divided by r(l).
2
Let w(f) = f + 10. Suppose -2*x - 29 = 5*b - 0*b, 0 = 2*b - 4*x + 2. Let u(l) = 2*l**2 + 2*l + 6. What is the remainder when u(b) is divided by w(6)?
14
Let u = 40 - 23. What is the remainder when 32 is divided by u?
15
Let o(f) = -2*f + 0*f + 4 - f. Calculate the remainder when o(-10) is divided by 12.
10
Let y = -22 - -39. Let i = 27 - y. What is the remainder when i is divided by 6?
4
Let s be 2 - 0/(-1) - -59. Let y = 14 + s. What is the remainder when (-2)/((-231)/y + 3) is divided by 13?
12
What is the remainder when ((-5)/(-20))/((-1)/(-12)) is divided by 2?
1
Let i be (-1)/(-4 - (-1 + -2)). What is the remainder when 28 is divided by 10*(-3 + i + 3)?
8
Suppose -3*b = -2*b - 14. Calculate the remainder when 5/1*10/2 is divided by b.
11
Suppose -3*z + 16 = z. Suppose -4*v + 23 = -z*s - 21, -4*s = 4*v - 36. What is the remainder when v is divided by 3?
1
Suppose 97 = 5*i + 82. Let c = 5 + -3. Suppose c*x + x - 12 = 3*y, 5*x - 22 = 3*y. Calculate the remainder when x is divided by i.
2
Suppose -19 = u - 130. Suppose -h + 4*h = u. What is the remainder when h is divided by 19?
18
Suppose 2*b + 0*b - 2 = 0. Suppose -6*v - b = 4*y - v, 19 = 4*y + v. Let a(m) = m**2 - m - 2. Calculate the remainder when y is divided by a(-2).
2
Let d(l) = -l + 2. Let n be d(0). Suppose -w - n*w = 5*p - 31, 3*w = -p + 23. Calculate the remainder when (-2)/12 + (-121)/(-6) is divided by w.
6
Suppose -4*v + 43 = -5*a, -a + 37 = v + 3*a. What is the remainder when 64 is divided by v?
13
Let h(m) = m**2 - 3*m - 7. Calculate the remainder when h(8) is divided by 9.
6
Suppose 12 = 2*n + 2*d - 0*d, n - 12 = -3*d. Suppose n*p = -c + 26, 4*c = 4*p - 1 - 55. What is the remainder when p is divided by 3?
1
Let i be (-2)/12 + (-618)/(-36). Let w = i - -1. What is the remainder when w is divided by 5?
3
Let u(m) = -m**3 - 8*m**2 + 7*m + 5. Suppose -13 = 2*j + 5. Calculate the remainder when u(j) is divided by 6.
5
Let m = 51 + -38. Calculate the remainder when 46 is divided by m.
7
Let r be 1/((-8)/(-10))*4. Suppose r*x + 4 = 59. Let y = -116 + 147. Calculate the remainder when y is divided by x.
9
Suppose -c - 37 + 232 = 0. Calculate the remainder when c is divided by 22.
19
Suppose 3*p + 2 = -u - 4*u, -4*p + 4*u + 40 = 0. Let m = p - 4. Calculate the remainder when 23 is divided by (24/(-9))/(m/(-9)).
11
Let u(x) = -5*x - 9. Let f be -7 - 0 - (-6)/6. Calculate the remainder when u(f) is divided by 11.
10
Let m = 5 - 3. Let t = 0 + m. Suppose 3 = -d, 3*k - 5*k + 8 = -t*d. Calculate the remainder when k is divided by 1.
0
Suppose -2*i + 4*r = -24, -8*r + 5*r - 38 = -4*i. Let h = 13 + -8. What is the remainder when i is divided by h?
3
Let d(m) = -m**3 + 3*m**2 + 19*m + 8. Let r = 84 + -44. What is the remainder when r is divided by d(6)?
12
Let p(w) = -7*w - 3. Suppose -7*m = 2*f - 2*m - 197, 4*m = 4. Suppose -3*s + f = s. Calculate the remainder when p(-7) is divided by s.
22
Suppose a + 5*u = 5, 6*a = 2*a - 5*u + 5. Let j(y) = 2 - 3 + 2*y**3 + a. What is the remainder when j(1) is divided by 1?
0
Let v = -76 + 93. Calculate the remainder when 100 is divided by v.
15
Suppose -2*s + 20 + 74 = 0. Calculate the remainder when s is divided by 10.
7
Suppose 0*s - 4*s - 48 = 0. Calculate the remainder when 55 is divided by 29 + 1 - s/(-6).
27
Let n = 52 + -29. What is the remainder when n is divided by 8?
7
Suppose 0 = 2*c - 0*c - 32. Let z = -1 - -3. Suppose 3*s - z - 25 = 0. What is the remainder when c is divided by s?
7
Suppose 1518 = 30*o + 198. Let a(z) = -z**2 + 10*z - 1. What is the remainder when o is divided by a(6)?
21
What is the remainder when 22 is divided by 10/(-40) - 66/(-8)?
6
Let q = 33 + -20. What is the remainder when 36 is divided by q?
10
Let l(y) = -y**3 - 7*y**2 - 7*y - 10. Let n be (16/14)/(2/7). Suppose -5*j - 12 - 27 = r, 0 = n*r + 16. Calculate the remainder when l(j) is divided by 10.
9
Suppose -7 + 241 = 3*w. Calculate the remainder when w is divided by 16.
14
S